and 135?
27
What is the highest common factor of 24 and 192?
24
What is the highest common divisor of 1040 and 78?
26
What is the highest common factor of 20 and 500?
20
Calculate the greatest common divisor of 270 and 8055.
45
What is the greatest common divisor of 100 and 80?
20
What is the highest common divisor of 37 and 1628?
37
What is the highest common divisor of 481 and 39?
13
What is the highest common factor of 30 and 165?
15
Calculate the highest common factor of 336 and 108.
12
What is the greatest common divisor of 1050 and 450?
150
What is the greatest common factor of 21975 and 150?
75
What is the highest common divisor of 14 and 161?
7
What is the greatest common divisor of 14 and 98?
14
What is the greatest common factor of 346 and 8?
2
Calculate the greatest common divisor of 1695 and 75.
15
What is the highest common factor of 82 and 328?
82
What is the greatest common divisor of 29 and 4988?
29
Calculate the highest common divisor of 37158 and 33.
33
Calculate the greatest common factor of 7918 and 1070.
214
What is the greatest common divisor of 2444 and 78?
26
Calculate the greatest common divisor of 2716 and 14.
14
What is the highest common factor of 9880 and 40?
40
What is the highest common divisor of 24820 and 340?
340
What is the highest common factor of 27 and 63?
9
Calculate the highest common divisor of 192 and 12.
12
Calculate the greatest common divisor of 87 and 435.
87
What is the highest common divisor of 720 and 4140?
180
Calculate the highest common divisor of 24 and 1752.
24
Calculate the greatest common divisor of 3 and 43.
1
Calculate the greatest common divisor of 110 and 90.
10
What is the greatest common divisor of 18 and 92?
2
Calculate the greatest common factor of 484 and 88.
44
Calculate the highest common factor of 780 and 48.
12
Calculate the highest common factor of 4424 and 322.
14
What is the highest common factor of 182 and 7?
7
What is the greatest common factor of 320 and 10?
10
Calculate the highest common factor of 12 and 1884.
12
Calculate the highest common divisor of 53 and 583.
53
Calculate the greatest common divisor of 1001 and 693.
77
What is the highest common factor of 640 and 16?
16
Calculate the highest common divisor of 361 and 38.
19
Calculate the highest common divisor of 53 and 81143.
53
What is the greatest common divisor of 48 and 42?
6
Calculate the greatest common divisor of 750 and 2400.
150
Calculate the highest common factor of 13 and 962.
13
Calculate the greatest common divisor of 180 and 34470.
90
Calculate the greatest common divisor of 1 and 179.
1
What is the highest common factor of 39 and 4875?
39
What is the greatest common divisor of 72 and 360?
72
What is the highest common factor of 160 and 2848?
32
Calculate the highest common factor of 24 and 88.
8
Calculate the greatest common divisor of 5410 and 20.
10
Calculate the highest common divisor of 16732 and 1068.
356
What is the greatest common divisor of 8921 and 55?
11
What is the greatest common divisor of 64 and 2?
2
What is the highest common factor of 646 and 34?
34
What is the greatest common factor of 20 and 29660?
20
Calculate the highest common factor of 2 and 98.
2
What is the greatest common divisor of 598 and 184?
46
What is the highest common divisor of 3 and 16?
1
What is the greatest common divisor of 3150 and 50?
50
What is the highest common divisor of 9499 and 1771?
161
What is the highest common factor of 247 and 221?
13
What is the greatest common factor of 29 and 12151?
29
What is the greatest common divisor of 210 and 2100?
210
What is the greatest common divisor of 28 and 798?
14
What is the greatest common divisor of 891 and 11?
11
What is the highest common divisor of 50 and 275?
25
Calculate the highest common divisor of 24 and 264.
24
What is the highest common divisor of 50 and 40?
10
What is the greatest common divisor of 36 and 192?
12
Calculate the highest common divisor of 9 and 4.
1
What is the greatest common divisor of 4440 and 360?
120
Calculate the greatest common factor of 6590 and 10.
10
Calculate the greatest common factor of 210 and 2226.
42
Calculate the greatest common divisor of 1024 and 8.
8
What is the highest common divisor of 415 and 40?
5
Calculate the greatest common factor of 96 and 64.
32
Calculate the greatest common divisor of 2580 and 60.
60
Calculate the greatest common divisor of 67 and 19.
1
Calculate the greatest common factor of 320 and 160.
160
Calculate the highest common divisor of 36 and 5652.
36
Calculate the greatest common divisor of 134 and 335.
67
What is the highest common factor of 336 and 324?
12
Calculate the highest common factor of 1540 and 35.
35
Calculate the highest common divisor of 1750 and 300.
50
Calculate the greatest common factor of 135 and 45.
45
What is the highest common divisor of 621 and 7245?
207
What is the highest common divisor of 86 and 645?
43
Calculate the greatest common factor of 207 and 46.
23
Calculate the greatest common divisor of 33 and 39.
3
Calculate the highest common divisor of 1681 and 1025.
41
What is the greatest common divisor of 5170 and 188?
94
What is the greatest common factor of 66 and 1353?
33
Calculate the greatest common divisor of 110 and 66.
22
What is the highest common factor of 22445 and 67?
67
What is the greatest common divisor of 875 and 19775?
175
Calculate the greatest common divisor of 1859 and 737.
11
Calculate the greatest common factor of 295 and 767.
59
What is the greatest common divisor of 203 and 28?
7
What is the highest common divisor of 72 and 33?
3
What is the greatest common factor of 172 and 3698?
86
Calculate the greatest common factor of 37098 and 54.
54
Calculate the highest common divisor of 595 and 1105.
85
What is the highest common divisor of 801 and 45?
9
What is the highest common factor of 27 and 675?
27
What is the greatest common factor of 1395 and 30?
15
Calculate the highest common factor of 355 and 142.
71
Calculate the greatest common divisor of 4669 and 203.
203
Calculate the highest common factor of 284 and 49132.
284
What is the highest common divisor of 4 and 156?
4
What is the highest common divisor of 44 and 110?
22
Calculate the greatest common divisor of 3306 and 87.
87
Calculate the highest common factor of 64 and 2048.
64
Calculate the highest common divisor of 5792 and 32.
32
What is the greatest common factor of 248 and 1576?
8
Calculate the greatest common divisor of 12078 and 110.
22
What is the greatest common factor of 640 and 1000?
40
Calculate the greatest common factor of 11180 and 780.
260
Calculate the greatest common factor of 70 and 364.
14
Calculate the highest common divisor of 26 and 2678.
26
Calculate the greatest common factor of 71 and 497.
71
Calculate the highest common divisor of 6478 and 237.
79
What is the greatest common divisor of 13 and 65?
13
Calculate the greatest common divisor of 3 and 516.
3
Calculate the greatest common factor of 275 and 50.
25
Calculate the highest common factor of 1673 and 6453.
239
What is the highest common factor of 1173 and 69?
69
What is the greatest common divisor of 360 and 5880?
120
What is the highest common factor of 18 and 6?
6
Calculate the greatest common divisor of 930 and 40.
10
What is the highest common factor of 58 and 112230?
58
Calculate the highest common factor of 1334 and 174.
58
Calculate the highest common divisor of 486 and 18.
18
What is the greatest common factor of 98 and 5243?
49
What is the greatest common divisor of 44 and 176?
44
What is the greatest common divisor of 128 and 40?
8
What is the greatest common factor of 89 and 1424?
89
What is the highest common divisor of 744 and 21080?
248
What is the highest common divisor of 102 and 6?
6
Calculate the highest common divisor of 363 and 165.
33
What is the highest common factor of 257 and 1?
1
Calculate the greatest common divisor of 304 and 703.
19
Calculate the highest common divisor of 24 and 13512.
24
Calculate the highest common divisor of 80 and 176.
16
Calculate the greatest common factor of 23312 and 1488.
496
Calculate the greatest common factor of 396 and 48.
12
Calculate the greatest common factor of 100 and 75.
25
Calculate the greatest common divisor of 124 and 1228.
4
Calculate the h